 -u + b = -46. Is u composite?
False
Let y(t) = 212*t**2 - 15*t - 294. Is y(-11) composite?
False
Let r(q) be the first derivative of -214*q**4 + 4*q**3/3 - 2*q**2 - 9*q - 113. Is r(-2) a prime number?
True
Suppose 3*c = 4*a + 22403, 3*c - 7053 - 15355 = -a. Suppose c + 20520 = 13*s. Is s a composite number?
False
Let k(q) = 26632*q**2 + 474*q - 945. Is k(2) a composite number?
False
Let p(k) = 20510*k - 2317. Is p(49) composite?
True
Let q(r) = -791217*r - 235. Is q(-1) a prime number?
False
Let y be 6/27 - (-313116)/(-108). Let t = -1206 - y. Is t composite?
False
Let w(i) = 3*i**2 - 2*i - 6293. Let v(r) = -r**2 + 1. Let n(h) = -2*v(h) - w(h). Let y be n(0). Suppose -1565 + 302 = -t - u, -5*t + y = -u. Is t prime?
True
Let c be (5/(15/(-12)) - -4)/1. Suppose -2*o - 1055 + 4069 = c. Is o a composite number?
True
Is (-408)/(-2448) - 3*(2 + (-16265)/18) prime?
False
Let z = -69570 - -103993. Is z prime?
False
Suppose -2013 - 7898 = -3*q - g, -5*g - 13221 = -4*q. Let t = -2195 + q. Is t a composite number?
False
Suppose -4*s + 3324451 = -2*g + 439417, -2*s + 5*g + 1442497 = 0. Is s composite?
False
Suppose -949*i + 433258 = -935*i. Is i composite?
True
Let w be -15*(-4 - -10 - 8/12). Let v = w + 92. Suppose 0*p + v = -3*p, -q - p + 373 = 0. Is q prime?
False
Let j(v) = 588*v**2 - 2*v - 35. Let y be j(-6). Suppose 2242 + y = 13*o. Is o prime?
False
Let k(m) = 11*m**3 + 6*m**2 - 4*m + 12. Suppose -11 = -5*z + w, z - 7 = -2*w + 4. Let o be ((-5)/z)/((-4)/12). Is k(o) a prime number?
False
Let j = 74679 - 42580. Is j a composite number?
False
Let s = -1470 - -2511. Let k = -622 + s. Is k composite?
False
Let u(v) = v**2 + 12*v - 9. Let b be u(-15). Let x = -38 + b. Is (x - -4 - -263)*(2 - 1) a composite number?
True
Suppose 3*m + 170348 = 4*k, -5*m = -8*k + 2*k + 255522. Is k prime?
False
Let h be 155/55 - (-4)/22. Let a(r) = 6*r**2 - 12*r**h - 14*r**2 + 13*r**2 - r + 9. Is a(-5) a prime number?
False
Let i be (-30)/(-5 + 0)*1/2. Let f be (-10)/(-1 - 3/i). Suppose 0 = 3*m - f*a - 54 - 4911, 0 = 3*a. Is m a composite number?
True
Suppose 20*h - i = 21*h - 5, 3*h - 17 = -5*i. Suppose -4*j = h*q - 49440, -4*q + 49431 = 27*j - 32*j. Is q a composite number?
True
Suppose 142 - 2 = 5*s. Suppose 5*y + 30*i = s*i + 62189, i = 4*y - 49759. Is y composite?
True
Let v(z) = z**2 + 13*z - 17. Let t be (-869)/11 + 2*2. Let l = t - -56. Is v(l) composite?
False
Let m = -2405 - -4408. Suppose -o = b + 3*o - m, 0 = 5*b + o - 10091. Is b composite?
True
Let s = -49583 - -97443. Suppose -35*b + s = -15*b. Is b a prime number?
True
Let t(s) = 5*s**2 + 8*s + 5. Let z be t(7). Let d = z + 1091. Is d a composite number?
True
Is 5349*(2 - (-2035)/33) a prime number?
False
Let n = -345 + 605. Let l = 316 + n. Let f = l + 345. Is f composite?
True
Suppose 0 = 4*z - 5*b - 171662, z - 42935 = -41*b + 39*b. Is z prime?
True
Let d(a) = -1 - 3*a + 2 - 11*a - 10. Let u be d(-3). Let n = u + 158. Is n prime?
True
Let h(t) = 8738*t**2 + 51*t + 573. Is h(-10) composite?
False
Suppose 1102853 = 20*n - 2704667 - 1007140. Is n composite?
False
Suppose -1337255 + 9184 = -31*v. Is v composite?
False
Let b(u) = 5*u - 10. Let w be b(2). Let o(q) = -q**2 + q + 2902. Is o(w) a composite number?
True
Let l(i) = 11321*i**3 + 6*i**2 + 168*i - 943. Is l(6) composite?
False
Suppose 4*c - 4718 + 19866 = 0. Is c/((-2 - -4) + -3) a prime number?
False
Let r(m) = 242*m - 235. Let k be r(-14). Let d = -2082 - k. Is d a composite number?
True
Let x = 113 - 110. Suppose x*a = -5*a + 67256. Is a a prime number?
False
Suppose -3*f = -y - 2*f - 818, 2*y - 5*f = -1648. Suppose 3284 - 1079 = -1202*s + 1197*s. Let x = s - y. Is x a prime number?
True
Let v = 340 + -337. Suppose -v*x = -237 - 714. Is x a composite number?
False
Let v be (6/(-4))/(9/1434). Let m = 396 + v. Is m composite?
False
Let b(m) = -20*m - 4. Let c be b(1). Let v = c - -27. Suppose 3 = v*y, -3*x - 3*y = -2*x - 2296. Is x a composite number?
False
Let i = 6 + 25. Suppose -2*v + 7*v = -n + 28, -2*n - 5*v = -i. Suppose 0 = -2*q + n*s + 1115, -q = -2*s - 146 - 413. Is q composite?
True
Suppose 5*h - 4601 = 4*z - 46910, 0 = 4*h + 5*z + 33880. Let i = h - -26488. Is i a prime number?
False
Suppose 6 = 3*r, 0 = 4*o - 4*r - 91751 - 192381. Is o a prime number?
False
Let w(u) = u**2 + 5*u. Let f be w(-2). Let n be (0 - 2461)*-2*f/(-12). Suppose a - 5*j = 476, 3*j - n = -5*a + j. Is a a prime number?
True
Let z(l) = 3*l**3 - 19*l**2 - 11*l - 3. Let w be z(7). Let q(s) = 5*s**2 + 6*s - 39. Is q(w) a composite number?
True
Let b = 46918 - 21533. Is b a composite number?
True
Let z(w) = 850*w - 222. Let a be z(5). Let r = -1657 + a. Is r a prime number?
True
Let x be ((-42)/147)/((-1)/91). Suppose 4*a = -s + 53235, -a = 31*s - x*s - 13304. Is a prime?
True
Suppose 2*v + 5*c - 3 = -12, 2*c - 6 = 0. Let j(m) = -21*m - 6 + 9 + 8. Is j(v) a composite number?
False
Suppose 37*m = -61*m + 3973515 + 3586303. Is m composite?
False
Let t(a) = 10*a**2 + a + 6. Let y be t(-3). Let h = -88 + y. Suppose 0 = -h*n - 2*n + 14665. Is n a composite number?
True
Suppose 10*q - 2*z + 487512 = 14*q, 0 = -2*q - 5*z + 243748. Is q a prime number?
False
Let t be ((-14)/(-6) + -2)*12. Suppose 1609 = 4*i - 3*m, -2*m = 3*i + 3*m - 1185. Suppose 492 + i = t*s. Is s prime?
True
Suppose -6*a + 7*a = -5. Let c be (2 + -2)/(-3) - 2 - 915. Is 2 + -5 - a - c a prime number?
True
Let c be 8*9/(-96)*-4. Let j = 6 - c. Suppose -7*f = -j*f - 260. Is f prime?
False
Is (-2)/(-6)*(46409 - (-44)/(-22)) a composite number?
True
Let w = 6496 + -3632. Is w - (12/(-20))/(-1)*5 a prime number?
True
Let g(i) = -369*i + 7. Let f be g(-10). Let o = f + -2200. Is ((-14)/189*-9)/(2/o) prime?
True
Suppose -27*k + 25100 = -23*k. Suppose -5*a + 7*r - 2*r + k = 0, 0 = 3*r + 9. Let q = 3809 - a. Is q prime?
True
Is (1/(-4)*(-3 - -1))/(54/568404) a composite number?
True
Let u(i) = 323*i - 6. Let b(z) = -324*z + 5. Let n(h) = -2*b(h) - 3*u(h). Let g = -51 + 48. Is n(g) prime?
True
Is 44/(-88) + (-436830)/(-4) composite?
True
Let f(s) = 5*s + 1345. Suppose -5 = -4*g - 5. Is f(g) a composite number?
True
Suppose 0 = -6*l + 4*l - 3*z - 2, 0 = 4*l + 2*z + 12. Let a be -144*(925/(-15) - l). Suppose -5*s + 16941 = -2*b, -4*b - 8633 = -5*s + a. Is s prime?
True
Let h = -41 - -36. Let v be -26*16/(10/h). Let g = -27 + v. Is g a composite number?
False
Let l = -1129 - -5568. Suppose -2*u + 28165 - l = 0. Is u a composite number?
False
Let c = 381144 + -180387. Is c a composite number?
True
Let a = -593297 - -847246. Is a a prime number?
True
Let r be 1*(-1 - 0) + 21790 + -5. Suppose -9*l = -l - r. Is l prime?
False
Let h(g) be the third derivative of g**6/30 - g**5/30 - 5*g**4/24 + 5*g**3/2 + 18*g**2. Is h(8) prime?
False
Let g = -530 + 518. Let t(w) = -10*w**3 - 12*w**2 + 48*w + 5. Is t(g) a prime number?
False
Suppose 3*j + 4*m - 59 = 0, 5*m - 21 = -3*j + 37. Let y be 72*31 + -19 + j. Suppose 10*v + y = 12*v. Is v composite?
False
Let z(d) = -d**3 - 4*d**2 - 7*d. Suppose 11 = -0*l - 2*l - f, -29 = 3*l + 4*f. Let w be z(l). Is 3/((w/1174)/2) composite?
False
Suppose 14*o + 39*o - 1826009 = 0. Is o composite?
True
Suppose -2*c = -0*p - 3*p - 1941, p = c - 647. Let x = -164 - p. Suppose -o + x = 70. Is o prime?
False
Suppose 505 + 225 = -10*m. Let u(z) = -82*z**3 - z**2 - 2*z - 1. Let k be u(-1). Let y = k + m. Is y a composite number?
True
Let i be (0 + -6)*2/(-4). Let r be (-1 + 76)/(5 + 162/(-36)). Suppose -2*m - 5*u = -0*m - 158, -i*u + r = 2*m. Is m composite?
True
Suppose -4*m = -4*d + 2516, 2*d = 5*d + 4*m - 1894. Let c = 1261 - d. Is c composite?
False
Let w = -419 - -497. Is (39/w)/(2/96764) a prime number?
False
Suppose 3*y - 6549 = 5*d, 4*d + 1769 = 3*y - 4783. Let v = -1076 + y. Let q = v + 26. Is q a composite number?
True
Suppose 114*f = -2528273 + 6451127. Is f a prime number?
False
Let k(u) be the third derivative of 19*u**6/72 + u**5/30 - 5*u**4/24 - 11*u**3/6 - 17*u**2. Let i(n) be the first derivative of k(n). Is i(-4) prime?
True
Let u(n) = n**2 + 8*n + 2. Let l(c) = -c**2 + 4*c - 8. Let p be l(4). Let f be u(p). Is ((-257)/2)/(f/(-4)) a prime number?
True
Let m(a) = 13064*a**2 + 593*a + 10. Is m(-9) prime?
False
Suppose 3*m = 10 - 1. Let x be (-8)/(124/40 - m). Let b = 69 - x. Is b prime?
Tru